011
What are the prime factors of 797169851?
9817, 81203
What are the prime factors of 6057609712?
2, 7, 11, 702413
What are the prime factors of 20608491?
3, 2609, 2633
List the prime factors of 5926805531.
23, 257687197
List the prime factors of 119175417.
3, 71, 421, 443
What are the prime factors of 4076943?
3, 13, 104537
What are the prime factors of 34596170?
2, 5, 7, 71, 6961
What are the prime factors of 689210342?
2, 1181, 291791
What are the prime factors of 663465206?
2, 331732603
List the prime factors of 2795423303.
29, 659, 146273
List the prime factors of 419970471.
3, 19, 2089, 3527
List the prime factors of 1903884241.
7, 41, 71, 233, 401
What are the prime factors of 120141384?
2, 3, 11, 3761
What are the prime factors of 826014627?
3, 29, 3164807
List the prime factors of 1896170551.
11, 67, 1933
List the prime factors of 227773000.
2, 5, 7, 13, 2503
What are the prime factors of 729700212?
2, 3, 113, 538127
List the prime factors of 80632518.
2, 3, 2143, 6271
What are the prime factors of 285719339?
29, 9852391
List the prime factors of 53305045.
5, 29, 367621
What are the prime factors of 485242569?
3, 7, 23, 79, 157
List the prime factors of 123372100.
2, 5, 1233721
List the prime factors of 73399406.
2, 29, 991, 1277
List the prime factors of 212672596.
2, 37, 61, 23557
What are the prime factors of 1140718786?
2, 570359393
What are the prime factors of 16637664?
2, 3, 173309
What are the prime factors of 418021393?
131, 3191003
List the prime factors of 1377835212.
2, 3, 13, 1979, 4463
What are the prime factors of 102547188?
2, 3, 73, 13007
List the prime factors of 2004651.
3, 11, 20249
List the prime factors of 149306419.
191, 449, 1741
List the prime factors of 15923126.
2, 7961563
List the prime factors of 65309634.
2, 3, 13, 71, 3931
List the prime factors of 327903934.
2, 2237, 73291
List the prime factors of 428383981.
997, 429673
What are the prime factors of 12057878?
2, 7, 887, 971
List the prime factors of 155480001.
3, 1061, 48847
What are the prime factors of 1048903?
41, 25583
List the prime factors of 1099342392.
2, 3, 45805933
List the prime factors of 10850622.
2, 3, 179, 10103
What are the prime factors of 106608076?
2, 709, 37591
What are the prime factors of 433461336?
2, 3, 7, 11, 163, 1439
List the prime factors of 1452969414.
2, 3, 13, 151, 1523
List the prime factors of 109450686.
2, 3, 47, 193, 2011
List the prime factors of 244900751.
12979, 18869
List the prime factors of 156362464.
2, 17, 23, 12497
What are the prime factors of 1429956597?
3, 577, 826087
List the prime factors of 33386276.
2, 7, 11, 61, 1777
What are the prime factors of 392360075?
5, 359, 43717
List the prime factors of 45082938.
2, 3, 7513823
What are the prime factors of 5874758619?
3, 1958252873
What are the prime factors of 58223855?
5, 59, 197369
List the prime factors of 1596113096.
2, 199514137
What are the prime factors of 276182109?
3, 7, 29, 41, 1229
List the prime factors of 17317654.
2, 31, 279317
What are the prime factors of 68224193?
19, 157, 22871
List the prime factors of 4808550542.
2, 47, 97, 197, 2677
What are the prime factors of 972243136?
2, 1627, 9337
What are the prime factors of 212421614?
2, 106210807
What are the prime factors of 66693787?
613, 108799
List the prime factors of 118707991.
17, 19, 23, 29
List the prime factors of 1880206679.
13, 127, 1138829
List the prime factors of 1069497906.
2, 3, 457, 390043
List the prime factors of 394563546.
2, 3, 13, 1686169
List the prime factors of 2079183.
3, 693061
What are the prime factors of 633528606?
2, 3, 23, 29, 158303
List the prime factors of 3128238573.
3, 1042746191
List the prime factors of 5431419466.
2, 11, 227, 1087589
What are the prime factors of 288130393?
179, 1609667
What are the prime factors of 56182394?
2, 28091197
List the prime factors of 328487832.
2, 3, 1520777
What are the prime factors of 521525290?
2, 5, 11, 13, 251, 1453
List the prime factors of 3862190057.
11, 1933, 181639
List the prime factors of 1191094033.
31121, 38273
List the prime factors of 3322783629.
3, 11, 33563471
List the prime factors of 249234245.
5, 13, 389, 9857
What are the prime factors of 4120672335?
3, 5, 13, 21131653
What are the prime factors of 3473144?
2, 191, 2273
What are the prime factors of 154804541?
154804541
List the prime factors of 168549082.
2, 13, 6482657
List the prime factors of 51849641.
139, 373019
What are the prime factors of 3205946130?
2, 3, 5, 59, 461, 3929
What are the prime factors of 881417100?
2, 3, 5, 2938057
List the prime factors of 314320116.
2, 3, 11, 19, 23, 5449
List the prime factors of 140939530.
2, 5, 19, 741787
List the prime factors of 64965067.
2719, 23893
List the prime factors of 126208418.
2, 7, 1287841
What are the prime factors of 43209416?
2, 53, 101, 1009
List the prime factors of 43640161.
131, 333131
List the prime factors of 34685377.
34685377
What are the prime factors of 139631298?
2, 3, 23, 71, 14251
What are the prime factors of 6795183739?
25261, 268999
What are the prime factors of 103829935?
5, 11, 23, 211, 389
List the prime factors of 2761168713.
3, 17, 1033, 3083
What are the prime factors of 290927329?
7, 11, 107, 35311
What are the prime factors of 564223638?
2, 3, 11, 8548843
List the prime factors of 656783758.
2, 328391879
List the prime factors of 182849733.
3, 11, 1846967
What are the prime factors of 1071150416?
2, 7, 17, 562579
What are the prime factors of 64908607?
73, 227, 3917
List the prime factors of 39112969.
7, 5587567
What are the prime factors of 30786231?
3, 7, 149, 9839
What are the prime factors of 156688139?
156688139
What are the prime factors of 923864231?
911, 1014121
List the prime factors of 61668484.
2, 15417121
What are the prime factors of 104627816?
2, 13078477
What are the prime factors of 2041700887?
2041700887
List the prime factors of 106979190.
2, 3, 5, 137, 26029
List the prime factors of 81895411.
13, 1933, 3259
List the prime factors of 390849872.
2, 7, 229, 311
List the prime factors of 421094676.
2, 3, 1783, 19681
List the prime factors of 175613119.
11, 23, 694123
List the prime factors of 78771144.
2, 3, 53, 61927
What are the prime factors of 169930075?
5, 7, 971029
List the prime factors of 282432833.
282432833
List the prime factors of 14556230.
2, 5, 13, 41, 2731
List the prime factors of 220680243.
3, 7, 883, 3967
What are the prime factors of 81620740?
2, 5, 17, 67, 3583
What are the prime factors of 31802005?
5, 107, 59443
What are the prime factors of 272407578?
2, 3, 61, 744283
What are the prime factors of 54860344?
2, 7, 11, 29, 37, 83
What are the prime factors of 885236069?
885236069
List the prime factors of 8304491.
13, 49139
List the prime factors of 54139486.
2, 659, 41077
List the prime factors of 453333748.
2, 7, 107, 337, 449
List the prime factors of 559071263.
227, 2462869
What are the prime factors of 44234791?
863, 51257
List the prime factors of 259587173.
43, 919, 6569
What are the prime factors of 207592968?
2, 3, 11, 786337
What are the prime factors of 85469166?
2, 3, 17, 279311
List the prime factors of 2634949230.
2, 3, 5, 23, 3818767
List the prime factors of 103956208.
2, 6497263
What are the prime factors of 879891313?
7, 125698759
List the prime factors of 93593582.
2, 19, 129631
What are the prime factors of 1486084987?
1486084987
List the prime factors of 279729828.
2, 3, 7, 52859
What are the prime factors of 2949099865?
5, 41, 14385853
What are the prime factors of 60756231?
3, 20252077
What are the prime factors of 53130616?
2, 7, 11, 7841
List the prime factors of 171675373.
67, 71, 151, 239
What are the prime factors of 14195427?
3, 31, 152639
What are the prime factors of 53925836?
2, 17, 229, 3463
What are the prime factors of 60695489?
31, 43, 45533
What are the prime factors of 123466751?
593, 208207
List the prime factors of 1430088736.
2, 67, 667019
List the prime factors of 689701636.
2, 13, 13263493
List the prime factors of 63378286.
2, 31689143
List the prime factors of 62448527.
62448527
What are the prime factors of 85665168?
2, 3, 59, 3361
List the prime factors of 614263508.
2, 153565877
List the prime factors of 13044939.
3, 4348313
List the prime factors of 2354529.
3, 157, 4999
What 